18760 is divided by 14821?
192
Calculate the remainder when 642486 is divided by 13.
0
Calculate the remainder when 49099804 is divided by 21.
19
Calculate the remainder when 63825 is divided by 3347.
232
What is the remainder when 128714 is divided by 548?
482
What is the remainder when 281803 is divided by 48?
43
Calculate the remainder when 704351 is divided by 1324.
1307
Calculate the remainder when 2525946 is divided by 252594.
6
What is the remainder when 96377 is divided by 2049?
74
What is the remainder when 65122171 is divided by 100?
71
What is the remainder when 886038 is divided by 3356?
54
What is the remainder when 6855236 is divided by 41800?
36
Calculate the remainder when 288865 is divided by 22.
5
Calculate the remainder when 258514 is divided by 63863.
3062
What is the remainder when 239205 is divided by 482?
133
Calculate the remainder when 102475 is divided by 269.
255
Calculate the remainder when 913742 is divided by 7678.
60
Calculate the remainder when 45083680 is divided by 22.
4
What is the remainder when 446188 is divided by 4420?
4188
Calculate the remainder when 587685 is divided by 146672.
997
Calculate the remainder when 1686058 is divided by 1020.
1018
Calculate the remainder when 1259201 is divided by 419620.
341
Calculate the remainder when 18103940 is divided by 2229.
2
What is the remainder when 11788 is divided by 844?
816
What is the remainder when 1425957 is divided by 1552?
1221
What is the remainder when 779593 is divided by 36990?
2803
Calculate the remainder when 83096493 is divided by 2596765.
13
What is the remainder when 144977373 is divided by 35?
23
Calculate the remainder when 2348548 is divided by 102.
100
What is the remainder when 306963 is divided by 153462?
39
Calculate the remainder when 30283 is divided by 29986.
297
Calculate the remainder when 500766 is divided by 618.
186
What is the remainder when 6830 is divided by 1781?
1487
What is the remainder when 169378451 is divided by 966?
11
Calculate the remainder when 222359 is divided by 218310.
4049
What is the remainder when 225786129 is divided by 9030?
9
Calculate the remainder when 54277053 is divided by 1088.
1085
Calculate the remainder when 5769029 is divided by 234.
227
Calculate the remainder when 756762 is divided by 345.
177
What is the remainder when 63252 is divided by 12612?
192
Calculate the remainder when 87141 is divided by 1209.
93
What is the remainder when 122579695 is divided by 203?
175
Calculate the remainder when 6891442 is divided by 984491.
5
Calculate the remainder when 92131832 is divided by 8629.
8628
Calculate the remainder when 50926073 is divided by 227.
212
What is the remainder when 2223626 is divided by 3005?
2931
Calculate the remainder when 9884905 is divided by 1412116.
93
What is the remainder when 899634 is divided by 190?
174
Calculate the remainder when 19159907 is divided by 7.
4
What is the remainder when 9139084 is divided by 3428?
36
Calculate the remainder when 427688 is divided by 173.
32
What is the remainder when 34745071 is divided by 17?
12
What is the remainder when 2222866 is divided by 210?
16
What is the remainder when 29752903 is divided by 130?
63
Calculate the remainder when 724650826 is divided by 33.
31
What is the remainder when 563203 is divided by 512?
3
What is the remainder when 4307357 is divided by 63?
47
Calculate the remainder when 2026314 is divided by 6157.
661
Calculate the remainder when 4013344 is divided by 442.
426
Calculate the remainder when 440797 is divided by 463.
21
What is the remainder when 257540 is divided by 4364?
64
What is the remainder when 25107427 is divided by 30?
7
Calculate the remainder when 32907 is divided by 3279.
117
Calculate the remainder when 3597716 is divided by 305.
241
Calculate the remainder when 6405625 is divided by 37903.
18
Calculate the remainder when 160840105 is divided by 24821.
25
What is the remainder when 17850 is divided by 997?
901
What is the remainder when 46115 is divided by 786?
527
Calculate the remainder when 5260037 is divided by 27396.
5
Calculate the remainder when 993074 is divided by 248267.
6
What is the remainder when 11957522 is divided by 136?
130
Calculate the remainder when 21647225 is divided by 810.
785
What is the remainder when 13698124 is divided by 3042?
3040
Calculate the remainder when 3485389 is divided by 1161759.
112
Calculate the remainder when 24434084 is divided by 5.
4
Calculate the remainder when 133529 is divided by 44509.
2
What is the remainder when 2978 is divided by 217?
157
What is the remainder when 748307 is divided by 129?
107
What is the remainder when 2870 is divided by 98?
28
What is the remainder when 86325591 is divided by 393?
390
What is the remainder when 200686 is divided by 50164?
30
Calculate the remainder when 1375217 is divided by 5249.
5228
Calculate the remainder when 337012366 is divided by 17.
14
What is the remainder when 402749 is divided by 13?
9
What is the remainder when 26682 is divided by 2018?
448
Calculate the remainder when 1377718 is divided by 1377633.
85
What is the remainder when 562371 is divided by 759?
711
What is the remainder when 115814 is divided by 7699?
329
What is the remainder when 3847809 is divided by 341?
306
Calculate the remainder when 3746492 is divided by 125.
117
What is the remainder when 13783074 is divided by 34032?
114
What is the remainder when 58989593 is divided by 200?
193
Calculate the remainder when 27500913 is divided by 23.
20
What is the remainder when 19303607 is divided by 10?
7
Calculate the remainder when 1990879 is divided by 2968.
2319
What is the remainder when 691588 is divided by 76839?
37
Calculate the remainder when 4632964 is divided by 350.
14
What is the remainder when 3681126 is divided by 1808?
38
Calculate the remainder when 11158711 is divided by 164.
151
Calculate the remainder when 7512391 is divided by 407.
392
What is the remainder when 1284691 is divided by 642343?
5
Calculate the remainder when 1221523 is divided by 81393.
628
Calculate the remainder when 23736 is divided by 2083.
823
What is the remainder when 267280 is divided by 267275?
5
Calculate the remainder when 363259 is divided by 1738.
17
Calculate the remainder when 806936 is divided by 204.
116
Calculate the remainder when 12129025 is divided by 706.
651
Calculate the remainder when 13867801 is divided by 65107.
10
What is the remainder when 17453034 is divided by 8726514?
6
Calculate the remainder when 210131 is divided by 1226.
485
Calculate the remainder when 22901693 is divided by 146.
133
Calculate the remainder when 167836477 is divided by 248.
245
Calculate the remainder when 813343 is divided by 1136.
1103
What is the remainder when 3542079 is divided by 167?
9
What is the remainder when 32295 is divided by 3808?
1831
What is the remainder when 1825229 is divided by 55?
54
Calculate the remainder when 36461656 is divided by 80.
56
Calculate the remainder when 2888639 is divided by 180.
179
Calculate the remainder when 10235707 is divided by 2753.
53
What is the remainder when 13195135 is divided by 776?
31
Calculate the remainder when 18686533 is divided by 2443.
26
Calculate the remainder when 18463766 is divided by 68.
66
Calculate the remainder when 13422835 is divided by 21205.
70
What is the remainder when 1633367 is divided by 2427?
2423
What is the remainder when 334945589 is divided by 563?
562
Calculate the remainder when 48542969 is divided by 97.
95
What is the remainder when 2436801 is divided by 285?
51
What is the remainder when 126162508 is divided by 13?
4
What is the remainder when 36406 is divided by 3606?
346
What is the remainder when 156607 is divided by 566?
391
What is the remainder when 37251173 is divided by 12286?
21
Calculate the remainder when 1658732 is divided by 2599.
570
Calculate the remainder when 30493028 is divided by 1822.
36
Calculate the remainder when 148709 is divided by 29581.
804
What is the remainder when 661504 is divided by 3290?
214
Calculate the remainder when 37330849 is divided by 12443579.
112
What is the remainder when 110557 is divided by 18413?
79
What is the remainder when 46968501 is divided by 132?
129
Calculate the remainder when 1076663 is divided by 1239.
1